en 373832 is divided by 1591.
1538
What is the remainder when 707292 is divided by 59?
0
Calculate the remainder when 124361 is divided by 31007.
333
Calculate the remainder when 2435723 is divided by 687.
308
Calculate the remainder when 378319 is divided by 2664.
31
Calculate the remainder when 1901 is divided by 331.
246
Calculate the remainder when 264063981 is divided by 207109.
6
What is the remainder when 136662 is divided by 10204?
4010
Calculate the remainder when 22531894 is divided by 5547.
5527
Calculate the remainder when 899483507 is divided by 847.
846
Calculate the remainder when 39925465 is divided by 151.
8
What is the remainder when 1080017 is divided by 694?
153
What is the remainder when 2583852 is divided by 10014?
240
Calculate the remainder when 317661721 is divided by 3257.
3254
Calculate the remainder when 140560 is divided by 785.
45
Calculate the remainder when 7639782 is divided by 266.
262
Calculate the remainder when 5109232 is divided by 62.
60
What is the remainder when 247179 is divided by 59?
28
What is the remainder when 264880 is divided by 724?
620
What is the remainder when 58835 is divided by 3011?
1626
What is the remainder when 74956 is divided by 4993?
61
Calculate the remainder when 712879 is divided by 281.
263
Calculate the remainder when 4825048 is divided by 285.
283
Calculate the remainder when 18331129 is divided by 568.
65
What is the remainder when 13979959 is divided by 91?
84
What is the remainder when 29455 is divided by 681?
172
Calculate the remainder when 29912479 is divided by 1970.
1969
Calculate the remainder when 10264524 is divided by 1079.
1076
What is the remainder when 592267 is divided by 1276?
203
What is the remainder when 311267 is divided by 164?
159
What is the remainder when 160331650 is divided by 6084?
6082
What is the remainder when 1194450 is divided by 151?
40
What is the remainder when 632676 is divided by 909?
12
What is the remainder when 2054541 is divided by 120855?
6
What is the remainder when 666080 is divided by 5415?
35
Calculate the remainder when 9319414 is divided by 138.
136
Calculate the remainder when 76491 is divided by 3804.
411
What is the remainder when 72027 is divided by 35863?
301
Calculate the remainder when 453692 is divided by 837.
38
Calculate the remainder when 6324826 is divided by 8748.
22
What is the remainder when 52394615 is divided by 26197274?
67
What is the remainder when 534897 is divided by 5098?
4705
What is the remainder when 157509 is divided by 78700?
109
What is the remainder when 144275 is divided by 1324?
1283
Calculate the remainder when 14296155 is divided by 92.
91
Calculate the remainder when 26802457 is divided by 97.
96
What is the remainder when 47489 is divided by 4713?
359
Calculate the remainder when 562527 is divided by 103.
44
Calculate the remainder when 268358 is divided by 1118.
38
Calculate the remainder when 24441570 is divided by 54.
36
Calculate the remainder when 10724455 is divided by 15.
10
Calculate the remainder when 1855352 is divided by 1899.
29
What is the remainder when 2743123 is divided by 728?
19
Calculate the remainder when 15605624 is divided by 775.
224
What is the remainder when 111171 is divided by 11113?
41
Calculate the remainder when 21059243 is divided by 923.
75
What is the remainder when 678614 is divided by 136?
110
What is the remainder when 122668 is divided by 40804?
256
What is the remainder when 51329145 is divided by 5339?
5338
What is the remainder when 86583 is divided by 2008?
239
What is the remainder when 22426399 is divided by 1445?
1444
What is the remainder when 248258 is divided by 12412?
18
Calculate the remainder when 191801 is divided by 595.
211
Calculate the remainder when 10499830 is divided by 174.
148
What is the remainder when 3828740 is divided by 765748?
0
Calculate the remainder when 2212556 is divided by 72.
68
Calculate the remainder when 1688144 is divided by 49.
45
What is the remainder when 753821 is divided by 75?
71
What is the remainder when 161953 is divided by 40484?
17
What is the remainder when 6989085 is divided by 2329633?
186
What is the remainder when 4197221 is divided by 127?
125
Calculate the remainder when 36425479 is divided by 5514.
5509
Calculate the remainder when 42333795 is divided by 23.
18
What is the remainder when 1342149 is divided by 47?
17
Calculate the remainder when 45089321 is divided by 2504962.
5
Calculate the remainder when 16063664 is divided by 2266.
2256
What is the remainder when 4219506 is divided by 951?
870
What is the remainder when 4283974 is divided by 9?
1
What is the remainder when 10703631 is divided by 47?
39
Calculate the remainder when 259373530 is divided by 11.
9
What is the remainder when 2033442 is divided by 2032483?
959
Calculate the remainder when 355538 is divided by 177692.
154
What is the remainder when 53510 is divided by 52912?
598
What is the remainder when 221905 is divided by 3416?
3281
What is the remainder when 2447448 is divided by 407901?
42
Calculate the remainder when 254603 is divided by 84764.
311
Calculate the remainder when 6186204 is divided by 27.
18
Calculate the remainder when 12452836 is divided by 136.
132
What is the remainder when 8601 is divided by 300?
201
What is the remainder when 8596006 is divided by 7046?
6932
Calculate the remainder when 966768 is divided by 269.
251
Calculate the remainder when 19161965 is divided by 97.
3
Calculate the remainder when 4345096 is divided by 82.
80
Calculate the remainder when 4207 is divided by 1872.
463
Calculate the remainder when 57250495 is divided by 46.
45
Calculate the remainder when 1975901 is divided by 14125.
12526
What is the remainder when 3137204 is divided by 5533?
5526
Calculate the remainder when 24935 is divided by 5990.
975
Calculate the remainder when 58159 is divided by 2457.
1648
Calculate the remainder when 172330 is divided by 57436.
22
Calculate the remainder when 292899 is divided by 145742.
1415
Calculate the remainder when 6737411 is divided by 1187.
1186
Calculate the remainder when 5711 is divided by 783.
230
What is the remainder when 2760862 is divided by 345100?
62
Calculate the remainder when 24837 is divided by 5868.
1365
Calculate the remainder when 5443396 is divided by 686.
672
Calculate the remainder when 1116822 is divided by 124.
78
Calculate the remainder when 17232638 is divided by 5744202.
32
What is the remainder when 5552077 is divided by 34272?
13
What is the remainder when 594888 is divided by 84984?
0
Calculate the remainder when 10722 is divided by 10082.
640
What is the remainder when 573027 is divided by 286509?
9
What is the remainder when 91452231 is divided by 30484064?
39
Calculate the remainder when 3604154 is divided by 34.
18
Calculate the remainder when 154861464 is divided by 11.
10
What is the remainder when 519788 is divided by 1113?
17
Calculate the remainder when 63488 is divided by 63421.
67
What is the remainder when 2265730 is divided by 14340?
10
Calculate the remainder when 18853903 is divided by 7.
5
What is the remainder when 14759074 is divided by 7379535?
4
What is the remainder when 153503 is divided by 725?
528
What is the remainder when 5614202 is divided by 1210?
1012
Calculate the remainder when 8021033 is divided by 97.
6
Calculate the remainder when 59511 is divided by 59481.
30
Calculate the remainder when 104755772 is divided by 52.
4
What is the remainder when 329262 is divided by 54818?
354
Calculate the remainder when 10959335 is divided by 5466.
5
What is the remainder when 23873978 is divided by 609?
569
Calculate the remainder when 14672186 is divided by 42901.
44
Calculate the remainder when 442320 is divided by 63.
60
What is the remainder when 140067 is divided by 1599?
954
Calculate the remainder when 1112829 is divided by 1112827.
2
Calculate the remainder when 97610129 is divided by 48805055.
19
Calculate the remainder when 17371 is divided by 8574.
223
What is the remainder when 4319789 is divided by 54?
5
What is the remainder when 33090572 is divided by 11?
9
Calculate the remainder when 39116 is divided by 11702.
4010
What is the remainder when 407903 is divided by 113?
86
What is the remainder when 15576 is divided by 3246?
2